*2 + 14*t + 18. Let i = 21 + -5. Let z be 1 - (-59)/4 - 12/i. Let j be f(z). What is the highest common divisor of 6 and j?
3
Suppose -10*y = -18*y - 16. Let j be 0 + (y - -38 - 0). Suppose 4*c + 36 = 3*s - c, s + 5*c = 12. What is the greatest common factor of j and s?
12
Let n(b) = b**3 + 45*b**2 + 86*b - 21. Let w be n(-43). Let x be w/(-3) + -2 + -9 + 10. Calculate the greatest common factor of x and 162.
6
Let i(t) = t**3 + 8*t**2 + 2*t + 64. Let q be i(-8). Calculate the highest common divisor of 80 and q.
16
Let h be (8 - 0)/((8/(-2))/(-2)). Suppose 4*i - 20 = -h*q, -4*q + 7*i = 2*i - 29. Suppose -11*u + 780 = -q*u. What is the greatest common factor of 12 and u?
12
Suppose -4*c + 296*q = 295*q - 187, -2*c = 4*q - 116. Calculate the greatest common divisor of c and 560.
16
Let d = -9392 + 9492. Calculate the greatest common divisor of d and 7100.
100
Let m = 432 - 427. Suppose 0 = m*v - 17 - 28. Let j be 3/(3/(-2 - -17)). What is the greatest common factor of v and j?
3
Let b be 1423 + (440/20 - 29). What is the greatest common divisor of b and 576?
24
Let x be 0/(1 - (3 + -1)) - 0. Suppose x = 48*z - 51*z - 6. Let v be 3/5*(55 + 2 + z). Calculate the greatest common divisor of v and 264.
33
Suppose -34680 = -193*f + 23*f. What is the greatest common divisor of 42 and f?
6
Suppose 1 = v + 6, 0 = -j + v + 3. Let w(n) = 24*n**2 + n - 3. Let l be w(j). What is the greatest common divisor of l and 7?
7
Suppose 62*m + 75*m - 7140 = -220*m. Let f be -1 + 3 - (-6)/(-3). Let w be (5 - 4) + (259 - f). Calculate the greatest common divisor of m and w.
20
Let b = -503 - -508. Suppose -10*w + b*w = -3680. What is the greatest common factor of w and 32?
32
Let g(b) = 113*b**2 + 522*b + 234. Let p be g(-11). Calculate the highest common divisor of 69 and p.
23
Let j(p) be the third derivative of -7*p**4/24 - 5*p**3/6 - 8*p**2 + 11*p. Let q be j(-9). What is the greatest common factor of 87 and q?
29
Let q(y) = -198*y**2 - 2*y - 7. Let c(f) = -2*f**2 - f - 1. Let n(t) = 5*c(t) - q(t). Let j be n(1). Calculate the greatest common factor of j and 17.
17
Let f = 17 + -1. Let j(w) = w**3 + 14*w**2 + 114*w + 797. Let k be j(-9). What is the highest common factor of k and f?
16
Let m = -9822 - -10112. What is the highest common divisor of m and 1595?
145
Let b(z) = z**2 + 20*z + 93. Let u be b(9). Calculate the highest common divisor of 42 and u.
6
Let j = 12 + 22. Suppose 3*l = 4*m + 373, -24*m + 28*m + 16 = 0. What is the highest common factor of l and j?
17
Let q be 7/((-42)/(-1332))*1/2. Calculate the greatest common factor of q and 2.
1
Let c be -24020*((-2)/(-6))/(440/(-660)). What is the greatest common factor of 30 and c?
10
Let b = -5945 + 9740. Calculate the highest common divisor of b and 45.
15
Let n = 4100 - 4093. Calculate the greatest common divisor of n and 567.
7
Suppose 5*x - 9*x = -288. Let y = x - 55. Calculate the highest common divisor of 697 and y.
17
Suppose -2*l + 0 + 8 = 0. Suppose 240 - 219 = 7*j. Suppose l*q + 475 = j*t, 5*t - 185 = 4*t - 4*q. Calculate the highest common factor of t and 15.
15
Suppose 2*p - 1018 = -4*n, 5*n = 4*p - 2259 + 184. Calculate the highest common divisor of 1648 and p.
103
Let i be 5 + -1 + 0 - 80. Let j = 131 + i. Let r = j + -34. What is the highest common divisor of 63 and r?
21
Let f = 147 + -138. Suppose -v - f + 13 = 0. Suppose v = -i + 5*s, i + 0*i + 3*s = 12. What is the highest common factor of i and 162?
6
Let i = -8276 + 9652. What is the highest common factor of 64 and i?
32
Suppose -u + 5*s = -5338, -14*u + 11*u + 16104 = 3*s. What is the highest common divisor of u and 93?
31
Suppose 95*k = 40*k + 935. Let b(o) = o**2 + 6*o - 4. Let d be b(6). What is the greatest common factor of d and k?
17
Suppose -33 = 4*n + 5*o, -5*n + 5*o - 69 = 2*o. Let y(g) = 6*g + 104. Let w be y(n). Calculate the highest common factor of w and 2.
2
Let o(s) = 3*s**2 + 5*s - 14. Let a be o(2). Let p be -1 - (-1)/(3/45). Let l = p + 74. Calculate the greatest common divisor of l and a.
8
Let u(f) = -77*f + 3721. Let a be u(-67). What is the highest common divisor of 90 and a?
30
Let x(v) = v**3 + 22*v**2 - 114*v - 2351. Let b be x(-22). What is the highest common divisor of 14287 and b?
157
Let v be 24/16*(20 - 0). Let j be 40 + (1 - 15/(-5)). Suppose d + 5*p - 26 = j, -10 = -2*p. Calculate the greatest common divisor of d and v.
15
Let b(d) = -14*d - 10. Let u be b(-1). What is the highest common divisor of u and 1172?
4
Let k be 2/(-2 - (-25)/12). Let b = -2235 + 2238. What is the greatest common factor of k and b?
3
Suppose -97 = -6*c + 695. Let h be 4/6 - 142/6. Let a = 10 - h. Calculate the highest common factor of c and a.
33
Let z(r) = -r**2 + 3*r - 37. Let p be z(11). Let q = -105 - p. Calculate the greatest common divisor of q and 260.
20
Let g(t) = 11*t + 304. Let x be g(-28). Let y be 2667/42 + (-2)/x. Calculate the greatest common factor of y and 576.
64
Suppose 0 = -5*m + 1315 - 475. Let w = -1234 + 1255. Calculate the highest common divisor of m and w.
21
Let s be 28/126 - ((-3)/12 - (-6334390)/(-360)). What is the highest common factor of s and 53?
53
Let o(l) = 12*l**3 - 19*l**2 + 128*l + 13. Let v be o(9). Calculate the greatest common factor of 158 and v.
158
Suppose -48*h + 1422 = -47*h + 3*o, -4*h = -2*o - 5660. What is the highest common factor of h and 264?
24
Let h be (-356)/10*(-25)/5. Let a = h - 88. What is the highest common factor of 40 and a?
10
Let s(r) = 6*r**3 + 48*r**2 - 2*r - 12. Let u be s(-8). Suppose 5*l - 3*l = 0, -u*o - 3*l = -560. What is the greatest common divisor of 15 and o?
5
Let a(c) be the first derivative of -2*c**2 + 74*c + 10. Let r be a(12). What is the greatest common factor of 2 and r?
2
Let w = 10802 + -10172. Suppose 0*m = -2*m + 10. Suppose y - w = -m*y. Calculate the highest common divisor of 30 and y.
15
Let q(j) = 32*j**3 + 8*j**2 - 27*j - 106. Let y be q(5). Calculate the greatest common divisor of y and 407.
37
Let b be (-78)/8*-1*4. Suppose -4554 = -20*n + 13506. Let h = n + -838. What is the greatest common factor of b and h?
13
Let k(u) = 11*u - 276. Let z be k(31). Calculate the greatest common factor of 78 and z.
13
Suppose -3*n + 19 = 52*i - 51*i, 3*n - 4*i = 29. Calculate the greatest common divisor of n and 2779.
7
Let a be (-1 - -10) + ((-16)/12 - (-68)/51). Calculate the highest common factor of a and 1854.
9
Suppose 18*j - 320 = 402 + 178. Calculate the greatest common factor of j and 2525.
25
Suppose -2*p - p = 3*y + 12, -5*p + 2*y + 8 = 0. Let g be (11/3)/(-11)*(-99 + p). Let m be 114/4*22/g. Calculate the greatest common factor of m and 152.
19
Let c(x) = x**2 + 19*x + 24. Let p = -310 - -292. Let k be c(p). What is the greatest common factor of 126 and k?
6
Let k = -532 - -534. Let y = 13 + -8. Suppose -a = -3*g - y - 3, -a - k*g = -23. What is the greatest common divisor of 136 and a?
17
Let g = -7677 + 17293. Calculate the highest common factor of g and 16.
16
Let s = -4154 - -4156. What is the highest common factor of 86 and s?
2
Let k(l) be the first derivative of -l**4/4 - l**3 - l**2 + 2*l + 4. Let j be k(-4). Let b be (44/1)/(j/13). Calculate the greatest common factor of b and 33.
11
Suppose -2*p - 379*h + 165 = -376*h, -4*h - 460 = -4*p. Suppose -5*y + 332 + 433 = 0. Suppose y = 5*m - 17. What is the highest common divisor of p and m?
34
Let i(k) = 172*k + 1844. Let a be i(-9). What is the greatest common factor of 6 and a?
2
Suppose -2162 = -3*f + 5*x, 2*f + 170*x = 166*x + 1412. Calculate the greatest common factor of 7 and f.
7
Let u = -106 - -133. Let k be 11 - 11 - u/(-3). Calculate the greatest common factor of k and 51.
3
Let f(o) = 2*o**2 + 18*o - 288. Let i be f(-25). Calculate the highest common divisor of 128 and i.
128
Let m be (-732)/(-180) + 2/(-30). Suppose -h - 4 = 0, 62*i - 64*i - m*h - 12 = 0. What is the highest common factor of i and 26?
2
Suppose 0*v + 4*v = -40. Let a be (v/6)/(4/(-96)). Let j be 5*-2*(-2)/4. What is the greatest common divisor of j and a?
5
Suppose -68*k - 37*k = -168210. What is the greatest common divisor of k and 9?
9
Suppose -4*r + 318 = 3*x, -4*x - 4*r + 428 = -0*x. What is the highest common divisor of x and 4?
2
Let f = 45 - 45. Suppose f = -m - 1 + 6. Suppose 5*g - 7 = 4*g - q, 5